factor of 545370 and 12210?
30
What is the greatest common factor of 6905292 and 21?
3
Calculate the highest common divisor of 377 and 10947239.
29
Calculate the highest common divisor of 1850 and 2159320.
370
Calculate the greatest common divisor of 12031 and 96884.
53
Calculate the highest common divisor of 17 and 379545451.
17
What is the highest common divisor of 23219 and 640181?
3317
What is the greatest common divisor of 4601884 and 16324?
1484
Calculate the greatest common factor of 62344161 and 12474.
891
Calculate the greatest common divisor of 100 and 187609120.
20
What is the greatest common factor of 785 and 3153090?
5
Calculate the highest common factor of 20 and 147308320.
20
Calculate the greatest common divisor of 316 and 248284.
4
What is the greatest common divisor of 2007275 and 1975?
25
Calculate the greatest common divisor of 27500 and 86790.
110
Calculate the highest common divisor of 238 and 49245938.
14
What is the greatest common factor of 2119 and 5174?
13
What is the greatest common factor of 250005 and 2985?
15
Calculate the highest common factor of 3367 and 7770854.
91
Calculate the highest common factor of 388 and 44530372.
388
Calculate the highest common divisor of 18271 and 46673.
11
Calculate the greatest common divisor of 353874 and 30.
6
What is the highest common factor of 16169390 and 4?
2
Calculate the highest common divisor of 988592 and 1584.
176
What is the greatest common divisor of 96735 and 573195?
15
Calculate the highest common factor of 4538710 and 1815.
605
What is the greatest common divisor of 159871382 and 15334?
902
What is the highest common factor of 5448140 and 65?
5
Calculate the highest common factor of 33904 and 52886002.
4238
Calculate the greatest common divisor of 107892 and 589484.
148
Calculate the greatest common divisor of 2245 and 40304485.
2245
Calculate the highest common divisor of 233692514 and 836.
418
What is the highest common divisor of 314411 and 6136?
59
What is the greatest common divisor of 62 and 473390057?
31
Calculate the highest common factor of 1037 and 422223883.
1037
Calculate the greatest common divisor of 9744 and 22473318.
1218
What is the highest common divisor of 1505 and 55149521?
301
What is the highest common factor of 29890 and 350350?
490
What is the highest common divisor of 1048713 and 357?
51
Calculate the highest common divisor of 108 and 41131656.
36
What is the greatest common divisor of 52119041 and 142?
71
Calculate the greatest common factor of 319436530 and 7270.
7270
Calculate the highest common factor of 78610154 and 98.
14
Calculate the highest common divisor of 1220 and 7526485.
305
Calculate the highest common factor of 238368 and 5170464.
1248
Calculate the greatest common factor of 279040 and 3317960.
4360
What is the greatest common factor of 1824 and 30660870?
114
Calculate the greatest common divisor of 2669 and 9571.
17
What is the greatest common divisor of 152040 and 918120?
840
Calculate the highest common divisor of 596519 and 5621.
77
What is the greatest common factor of 3268 and 53827?
19
Calculate the highest common divisor of 1515906996 and 12.
12
Calculate the greatest common divisor of 21672 and 748314.
126
What is the greatest common factor of 102295 and 49446?
41
Calculate the highest common divisor of 684 and 79878.
6
What is the greatest common divisor of 169 and 37328941?
13
Calculate the highest common divisor of 8242 and 17088836.
634
What is the greatest common factor of 12224 and 1868171?
191
Calculate the greatest common factor of 3659054 and 38843.
217
What is the greatest common factor of 2715 and 142933890?
2715
Calculate the greatest common factor of 1223556929 and 2023.
2023
What is the greatest common divisor of 28656 and 997824?
48
Calculate the highest common factor of 3560 and 23601020.
1780
What is the highest common factor of 864524 and 55660?
92
Calculate the greatest common factor of 27862352 and 553.
553
Calculate the highest common factor of 37955 and 77974752.
7591
Calculate the highest common divisor of 92 and 6394529.
23
Calculate the greatest common factor of 507078 and 507.
39
What is the highest common factor of 301910432 and 64?
32
What is the greatest common divisor of 112 and 898926?
14
Calculate the highest common divisor of 12420 and 6468060.
1380
What is the highest common factor of 396 and 666432?
36
Calculate the greatest common factor of 25820 and 92.
4
What is the highest common factor of 1898620 and 16520?
1180
What is the greatest common divisor of 976 and 9881756?
244
What is the highest common divisor of 1640465 and 775?
5
Calculate the greatest common divisor of 10 and 3659335.
5
What is the greatest common divisor of 299411569 and 73208?
9151
What is the highest common factor of 2821 and 7074355?
31
Calculate the highest common factor of 12018930 and 1806.
1806
Calculate the highest common factor of 73732 and 388.
4
What is the greatest common factor of 610489 and 600710?
1397
What is the highest common divisor of 14980 and 1081235?
535
Calculate the greatest common divisor of 421 and 10987679.
421
What is the highest common factor of 959849 and 9159?
71
Calculate the greatest common divisor of 106 and 54704851.
53
What is the greatest common divisor of 85964333 and 5?
1
Calculate the highest common factor of 5995119 and 1791049.
5759
Calculate the greatest common divisor of 273 and 5275959.
39
Calculate the greatest common factor of 182 and 4290013.
91
What is the highest common divisor of 7440475 and 1395394?
4879
Calculate the greatest common factor of 648049 and 6391753.
2689
Calculate the highest common divisor of 244734 and 3675.
21
Calculate the highest common factor of 75 and 117589825.
25
Calculate the highest common divisor of 7370 and 292313362.
1474
What is the highest common factor of 238 and 41986?
14
What is the highest common factor of 368338 and 258?
86
Calculate the highest common factor of 31697 and 3033075.
1093
What is the highest common divisor of 33321477 and 105?
21
Calculate the highest common factor of 1406 and 6274608.
74
What is the highest common divisor of 45424 and 20760?
8
What is the greatest common divisor of 12727 and 643877?
13
What is the greatest common factor of 4998 and 45118?
34
Calculate the highest common divisor of 44910362 and 119.
119
What is the greatest common divisor of 25 and 93500?
25
Calculate the highest common factor of 185373 and 774.
387
Calculate the highest common divisor of 12 and 1629744216.
12
Calculate the highest common factor of 17792455 and 855.
95
Calculate the greatest common divisor of 516542785 and 5555.
5555
Calculate the greatest common factor of 10577857 and 131.
131
What is the greatest common divisor of 5634628 and 30?
2
Calculate the highest common divisor of 44393 and 57371.
103
Calculate the greatest common divisor of 6718866 and 1848.
462
What is the highest common divisor of 5349 and 91134479?
1783
What is the greatest common divisor of 39273247 and 1598?
799
Calculate the highest common divisor of 430 and 2522896.
86
Calculate the greatest common factor of 176434 and 1159.
19
Calculate the highest common divisor of 11116 and 74040500.
1588
What is the highest common factor of 163158 and 1098444?
2298
Calculate the highest common divisor of 48 and 284026880.
16
What is the highest common factor of 15 and 354129?
3
What is the greatest common factor of 5626235 and 595?
85
Calculate the greatest common divisor of 153971 and 34444.
79
What is the highest common divisor of 64 and 915112512?
64
Calculate the highest common divisor of 71208 and 10223316.
828
What is the highest common divisor of 738 and 51685912?
82
What is the greatest common factor of 56935 and 46256?
59
Calculate the highest common divisor of 26096868 and 20300.
812
What is the greatest common factor of 46 and 3409589?
23
Calculate the highest common divisor of 12392 and 10072.
8
What is the greatest common factor of 245504 and 114532?
548
What is the highest common divisor of 94 and 1843902919?
47
Calculate the highest common divisor of 31956 and 3684.
12
What is the highest common factor of 91467552 and 11?
11
What is the highest common divisor of 1878 and 28554?
6
Calculate the highest common divisor of 21866 and 4076878.